{"id":880,"date":"2025-04-21T13:47:26","date_gmt":"2025-04-21T11:47:26","guid":{"rendered":"https:\/\/www.lisso.com.ar\/_lisso\/?page_id=880"},"modified":"2025-10-09T13:50:17","modified_gmt":"2025-10-09T11:50:17","slug":"panel-de-led","status":"publish","type":"page","link":"https:\/\/www.lisso.com.ar\/_lisso\/panel-de-led\/","title":{"rendered":"PANEL DE LED"},"content":{"rendered":"\t\t<div data-elementor-type=\"wp-page\" data-elementor-id=\"880\" class=\"elementor elementor-880\">\n\t\t\t\t\t\t<section class=\"elementor-section elementor-top-section elementor-element elementor-element-f0071fa elementor-section-boxed elementor-section-height-default elementor-section-height-default\" data-id=\"f0071fa\" data-element_type=\"section\">\n\t\t\t\t\t\t<div class=\"elementor-container elementor-column-gap-default\">\n\t\t\t\t\t<div class=\"elementor-column elementor-col-100 elementor-top-column elementor-element elementor-element-5900f688\" data-id=\"5900f688\" data-element_type=\"column\">\n\t\t\t<div class=\"elementor-widget-wrap elementor-element-populated\">\n\t\t\t\t\t\t<div class=\"elementor-element elementor-element-eb6f140 elementor-widget elementor-widget-image\" data-id=\"eb6f140\" data-element_type=\"widget\" data-widget_type=\"image.default\">\n\t\t\t\t<div class=\"elementor-widget-container\">\n\t\t\t\t\t\t\t\t\t\t\t\t\t\t\t<img fetchpriority=\"high\" decoding=\"async\" width=\"719\" height=\"347\" src=\"https:\/\/www.lisso.com.ar\/_lisso\/wp-content\/uploads\/2025\/10\/paneles_led.jpg\" class=\"attachment-large size-large wp-image-1021\" alt=\"\" srcset=\"https:\/\/www.lisso.com.ar\/_lisso\/wp-content\/uploads\/2025\/10\/paneles_led.jpg 719w, https:\/\/www.lisso.com.ar\/_lisso\/wp-content\/uploads\/2025\/10\/paneles_led-300x145.jpg 300w\" sizes=\"(max-width: 719px) 100vw, 719px\" \/>\t\t\t\t\t\t\t\t\t\t\t\t\t\t\t<\/div>\n\t\t\t\t<\/div>\n\t\t\t\t\t<\/div>\n\t\t<\/div>\n\t\t\t\t\t<\/div>\n\t\t<\/section>\n\t\t\t\t<section class=\"elementor-section elementor-top-section elementor-element elementor-element-515b9ad2 elementor-section-boxed elementor-section-height-default elementor-section-height-default\" data-id=\"515b9ad2\" data-element_type=\"section\">\n\t\t\t\t\t\t<div class=\"elementor-container elementor-column-gap-default\">\n\t\t\t\t\t<div class=\"elementor-column elementor-col-100 elementor-top-column elementor-element elementor-element-21b22d84\" data-id=\"21b22d84\" data-element_type=\"column\">\n\t\t\t<div class=\"elementor-widget-wrap elementor-element-populated\">\n\t\t\t\t\t\t<div class=\"elementor-element elementor-element-5f938162 elementor-widget elementor-widget-text-editor\" data-id=\"5f938162\" data-element_type=\"widget\" data-widget_type=\"text-editor.default\">\n\t\t\t\t<div class=\"elementor-widget-container\">\n\t\t\t\t\t\t\t\t\t<p>La funci\u00f3n de estos paneles es la de informar a los pilotos, principalmente en competencias de karting, las se\u00f1ales de bandera roja (panel con led rojos destellando), slow o auto de seguridad (panel con led amarillos destellando) y pista habilitada o relanzamiento (panel con led verdes destellando).<\/p><p>Estas se\u00f1ales son enviadas a los distintos paneles de led dispuestos en el circuito, a trav\u00e9s de una se\u00f1al codificada de radio frecuencia.<\/p>\t\t\t\t\t\t\t\t<\/div>\n\t\t\t\t<\/div>\n\t\t\t\t\t<\/div>\n\t\t<\/div>\n\t\t\t\t\t<\/div>\n\t\t<\/section>\n\t\t\t\t<\/div>\n\t\t","protected":false},"excerpt":{"rendered":"<p>La funci\u00f3n de estos paneles es la de informar a los pilotos, principalmente en competencias de karting, las se\u00f1ales de bandera roja (panel con led rojos destellando), slow o auto de seguridad (panel con led amarillos destellando) y pista habilitada o relanzamiento (panel con led verdes destellando). Estas se\u00f1ales son enviadas a los distintos paneles [&hellip;]<\/p>\n","protected":false},"author":1,"featured_media":0,"parent":0,"menu_order":0,"comment_status":"closed","ping_status":"closed","template":"","meta":{"footnotes":""},"class_list":["post-880","page","type-page","status-publish","hentry"],"_links":{"self":[{"href":"https:\/\/www.lisso.com.ar\/_lisso\/wp-json\/wp\/v2\/pages\/880","targetHints":{"allow":["GET"]}}],"collection":[{"href":"https:\/\/www.lisso.com.ar\/_lisso\/wp-json\/wp\/v2\/pages"}],"about":[{"href":"https:\/\/www.lisso.com.ar\/_lisso\/wp-json\/wp\/v2\/types\/page"}],"author":[{"embeddable":true,"href":"https:\/\/www.lisso.com.ar\/_lisso\/wp-json\/wp\/v2\/users\/1"}],"replies":[{"embeddable":true,"href":"https:\/\/www.lisso.com.ar\/_lisso\/wp-json\/wp\/v2\/comments?post=880"}],"version-history":[{"count":10,"href":"https:\/\/www.lisso.com.ar\/_lisso\/wp-json\/wp\/v2\/pages\/880\/revisions"}],"predecessor-version":[{"id":1024,"href":"https:\/\/www.lisso.com.ar\/_lisso\/wp-json\/wp\/v2\/pages\/880\/revisions\/1024"}],"wp:attachment":[{"href":"https:\/\/www.lisso.com.ar\/_lisso\/wp-json\/wp\/v2\/media?parent=880"}],"curies":[{"name":"wp","href":"https:\/\/api.w.org\/{rel}","templated":true}]}}